22.
19
Calculate the remainder when 3344623 is divided by 609.
604
Calculate the remainder when 17064032 is divided by 1476.
1472
What is the remainder when 2672891 is divided by 296981?
62
Calculate the remainder when 8609673 is divided by 1721928.
33
Calculate the remainder when 3016389 is divided by 21242.
25
What is the remainder when 1324076 is divided by 441326?
98
What is the remainder when 163895861 is divided by 1482?
1481
Calculate the remainder when 6025245 is divided by 2008403.
36
Calculate the remainder when 1869222 is divided by 1978.
12
What is the remainder when 969628 is divided by 574?
142
What is the remainder when 280440059 is divided by 1420?
1419
Calculate the remainder when 2593517 is divided by 288157.
104
What is the remainder when 70819 is divided by 557?
80
What is the remainder when 1319653 is divided by 72?
37
Calculate the remainder when 1060999 is divided by 22574.
21
What is the remainder when 1942410 is divided by 1942396?
14
What is the remainder when 9085708 is divided by 79?
76
What is the remainder when 374494 is divided by 75?
19
What is the remainder when 110904016 is divided by 233?
210
What is the remainder when 3826551 is divided by 1275509?
24
Calculate the remainder when 6018501 is divided by 1648.
5
What is the remainder when 164267 is divided by 20495?
307
Calculate the remainder when 708645 is divided by 1592.
205
Calculate the remainder when 34930126 is divided by 6010.
6
Calculate the remainder when 7219277 is divided by 114.
113
Calculate the remainder when 38803129 is divided by 2349.
2347
Calculate the remainder when 1060881 is divided by 352812.
2445
What is the remainder when 76131038 is divided by 15937?
15926
Calculate the remainder when 2341708 is divided by 30.
28
What is the remainder when 42777491 is divided by 1929?
1916
What is the remainder when 21945057 is divided by 378363?
3
Calculate the remainder when 434214680 is divided by 451.
449
What is the remainder when 2146559 is divided by 2146414?
145
What is the remainder when 61615 is divided by 5133?
19
What is the remainder when 12558 is divided by 2212?
1498
Calculate the remainder when 4983055 is divided by 262265.
20
Calculate the remainder when 127266 is divided by 2488.
378
Calculate the remainder when 362987 is divided by 5185.
37
What is the remainder when 51589 is divided by 7295?
524
Calculate the remainder when 452437 is divided by 1006.
743
Calculate the remainder when 28410 is divided by 218.
70
What is the remainder when 1501078 is divided by 1184?
950
Calculate the remainder when 5308626 is divided by 440.
26
Calculate the remainder when 161200 is divided by 368.
16
What is the remainder when 2043043 is divided by 739?
447
Calculate the remainder when 406748 is divided by 401113.
5635
What is the remainder when 1889952 is divided by 730?
712
What is the remainder when 182569 is divided by 415?
384
Calculate the remainder when 1176117 is divided by 167.
103
Calculate the remainder when 285569 is divided by 1394.
1193
Calculate the remainder when 18635903 is divided by 33.
11
Calculate the remainder when 3465468 is divided by 1155151.
15
What is the remainder when 134833444 is divided by 121?
119
What is the remainder when 341641547 is divided by 9?
8
Calculate the remainder when 472146 is divided by 7376.
82
What is the remainder when 4232806 is divided by 705?
691
What is the remainder when 290647 is divided by 2210?
1137
What is the remainder when 23874938 is divided by 13?
9
Calculate the remainder when 846271 is divided by 200.
71
What is the remainder when 794829 is divided by 87?
84
What is the remainder when 33400 is divided by 522?
514
What is the remainder when 115607732 is divided by 5532?
5528
Calculate the remainder when 3516531 is divided by 1410.
1401
What is the remainder when 23168 is divided by 9868?
3432
What is the remainder when 752206 is divided by 731?
7
Calculate the remainder when 34997405 is divided by 976.
973
What is the remainder when 294981054 is divided by 913254?
12
What is the remainder when 1719593 is divided by 512?
297
Calculate the remainder when 366438 is divided by 1226.
1090
Calculate the remainder when 2328446 is divided by 698.
616
Calculate the remainder when 8431799 is divided by 324298.
51
Calculate the remainder when 2264258 is divided by 143.
139
Calculate the remainder when 23249420 is divided by 66.
62
Calculate the remainder when 1603514 is divided by 267246.
38
Calculate the remainder when 5282963 is divided by 3548.
3539
What is the remainder when 186312607 is divided by 3212286?
19
What is the remainder when 5218118 is divided by 131?
126
What is the remainder when 2337298 is divided by 4469?
11
What is the remainder when 25186 is divided by 4472?
2826
Calculate the remainder when 122726 is divided by 2314.
84
What is the remainder when 234456 is divided by 977?
953
What is the remainder when 46059247 is divided by 65?
52
What is the remainder when 80384 is divided by 408?
8
What is the remainder when 4011035 is divided by 221?
106
Calculate the remainder when 1890709 is divided by 193.
81
Calculate the remainder when 588320 is divided by 84044.
12
Calculate the remainder when 168012 is divided by 4665.
72
What is the remainder when 575922 is divided by 44?
6
Calculate the remainder when 2649565871 is divided by 15.
11
What is the remainder when 8159460 is divided by 250?
210
What is the remainder when 47969656 is divided by 486?
484
Calculate the remainder when 512012 is divided by 255998.
16
What is the remainder when 142358 is divided by 1900?
1758
What is the remainder when 2361 is divided by 590?
1
Calculate the remainder when 1910491 is divided by 18195.
16
What is the remainder when 283383594 is divided by 3493?
3490
Calculate the remainder when 329878 is divided by 9423.
73
Calculate the remainder when 56026 is divided by 261.
172
Calculate the remainder when 119498654 is divided by 1687.
9
Calculate the remainder when 4012424 is divided by 42.
38
Calculate the remainder when 1127772 is divided by 181.
142
What is the remainder when 313737 is divided by 2489?
123
What is the remainder when 213389375 is divided by 157?
156
What is the remainder when 1351741 is divided by 38619?
76
What is the remainder when 1201275995 is divided by 338?
335
What is the remainder when 67033412 is divided by 137?
134
What is the remainder when 6025623 is divided by 1625?
123
Calculate the remainder when 121098 is divided by 40255.
333
Calculate the remainder when 162288 is divided by 2576.
0
What is the remainder when 15225452 is divided by 95159?
12
What is the remainder when 107835 is divided by 17943?
177
What is the remainder when 22938639 is divided by 531?
501
Calculate the remainder when 133577 is divided by 5795.
292
Calculate the remainder when 27653 is divided by 5425.
528
What is the remainder when 4089538 is divided by 546?
544
Calculate the remainder when 150267 is divided by 30045.
42
What is the remainder when 2104544 is divided by 2014?
1928
What is the remainder when 14047909 is divided by 686?
1
Calculate the remainder when 577026 is divided by 2917.
2377
Calculate the remainder when 417403409 is divided by 634.
633
Calculate the remainder when 11880140 is divided by 21.
20
What is the remainder when 29785525 is divided by 7446380?
5
What is the remainder when 571516 is divided by 142838?
164
Calculate the remainder when 14125478 is divided by 14.
10
What is the remainder when 152277 is divided by 531?
411
Calculate the remainder when 15189855 is divided by 17766.
17691
What is the remainder when 2967548 is divided by 247293?
32
Calculate the remainder when 3092924 is divided by 3373.
3256
Calculate the remainder when 69676032 is divided by 121.
118
Calculate the remainder when 52269286 is divided by 717.
703
Calculate the remainder when 1129337 is divided by 4376.
329
What is the remainder when 30274294 is divided by 5928?
5926
Calculate the remainder when 8177466 is divided by 191.
183
What is the remainder when 133696 is divided by 22249?
202
Calculate the remainder when 361993 is divided by 542.
479
What is the remainder when 78820218 is divided by 4544?
4538
Calculate the remainder when 3417556008 is divided by 19.
16
What is the remainder when 1476